{"id":701,"date":"2024-11-11T14:04:59","date_gmt":"2024-11-11T11:04:59","guid":{"rendered":"https:\/\/www.zirve-yapi.com.tr\/zirve\/?post_type=product&#038;p=701"},"modified":"2024-11-11T14:04:59","modified_gmt":"2024-11-11T11:04:59","slug":"pe100-ef-90-dirsek","status":"publish","type":"product","link":"https:\/\/www.zirve-yapi.com.tr\/zirve\/urun\/pe100-ef-90-dirsek\/","title":{"rendered":"PE100-EF 90\u00b0 Dirsek"},"content":{"rendered":"<table class=\"table table-striped\" border=\"0\" width=\"320\" cellspacing=\"0\" cellpadding=\"0\">\n<tbody>\n<tr>\n<td class=\"xl68\" width=\"64\" height=\"77\"><strong>d<\/strong><\/td>\n<td class=\"xl66\" width=\"64\"><strong>bas\u0131n\u00e7 (bar) bas\u0131n\u00e7 (bar)<\/strong><\/td>\n<td class=\"xl67\" width=\"64\"><strong>kg<\/strong><\/td>\n<td class=\"xl65\" width=\"64\"><strong>L (mm)<\/strong><\/td>\n<td class=\"xl69\" width=\"64\"><strong>Z (mm)<\/strong><\/td>\n<\/tr>\n<tr>\n<td class=\"xl70\" height=\"19\">25<\/td>\n<td class=\"xl63\">pn16<\/td>\n<td class=\"xl63\">0,062<\/td>\n<td class=\"xl63\">73<\/td>\n<td class=\"xl71\">38<\/td>\n<\/tr>\n<tr>\n<td class=\"xl70\" height=\"19\">32<\/td>\n<td class=\"xl63\">pn16<\/td>\n<td class=\"xl63\">0,097<\/td>\n<td class=\"xl63\">84<\/td>\n<td class=\"xl71\">40<\/td>\n<\/tr>\n<tr>\n<td class=\"xl72\" height=\"19\">40<\/td>\n<td class=\"xl64\">pn16<\/td>\n<td class=\"xl64\">0,112<\/td>\n<td class=\"xl64\">61<\/td>\n<td class=\"xl73\">41<\/td>\n<\/tr>\n<tr>\n<td class=\"xl70\" height=\"19\">50<\/td>\n<td class=\"xl63\">pn16<\/td>\n<td class=\"xl63\">0,17<\/td>\n<td class=\"xl63\">107<\/td>\n<td class=\"xl71\">42<\/td>\n<\/tr>\n<tr>\n<td class=\"xl70\" height=\"19\">63<\/td>\n<td class=\"xl63\">pn16<\/td>\n<td class=\"xl63\">0,294<\/td>\n<td class=\"xl63\">123<\/td>\n<td class=\"xl71\">50<\/td>\n<\/tr>\n<tr>\n<td class=\"xl70\" height=\"19\">75<\/td>\n<td class=\"xl63\">pn16<\/td>\n<td class=\"xl63\">0,425<\/td>\n<td class=\"xl63\">141<\/td>\n<td class=\"xl71\">53<\/td>\n<\/tr>\n<tr>\n<td class=\"xl70\" height=\"19\">90<\/td>\n<td class=\"xl63\">pn16<\/td>\n<td class=\"xl63\">0,685<\/td>\n<td class=\"xl63\">165<\/td>\n<td class=\"xl71\">59<\/td>\n<\/tr>\n<tr>\n<td class=\"xl72\" height=\"19\">110<\/td>\n<td class=\"xl64\">pn16<\/td>\n<td class=\"xl64\">1,12<\/td>\n<td class=\"xl64\">205<\/td>\n<td class=\"xl73\">71<\/td>\n<\/tr>\n<tr>\n<td class=\"xl72\" height=\"19\">125<\/td>\n<td class=\"xl64\">pn16<\/td>\n<td class=\"xl64\">1,57<\/td>\n<td class=\"xl64\">228<\/td>\n<td class=\"xl73\">72<\/td>\n<\/tr>\n<tr>\n<td class=\"xl70\" height=\"19\">160<\/td>\n<td class=\"xl63\">pn16<\/td>\n<td class=\"xl63\">4,262<\/td>\n<td class=\"xl63\">285<\/td>\n<td class=\"xl71\">104<\/td>\n<\/tr>\n<tr>\n<td class=\"xl74\" height=\"20\">180<\/td>\n<td class=\"xl75\">pn16<\/td>\n<td class=\"xl75\">4,676<\/td>\n<td class=\"xl75\">320<\/td>\n<td class=\"xl76\">104<\/td>\n<\/tr>\n<\/tbody>\n<\/table>\n","protected":false},"excerpt":{"rendered":"<div class=\"elementor-element elementor-element-8fcfb56 elementor-widget__width-initial elementor-widget elementor-widget-text-editor\" data-id=\"8fcfb56\" data-element_type=\"widget\" data-widget_type=\"text-editor.default\">\n<div class=\"elementor-widget-container\">\n<p>EF Dirsekler, PE100 hammaddesinden, standartlara uygun olarak, belirli \u00e7aplarda ve belirli a\u00e7\u0131larda, EF kaynak y\u00f6ntemine uygun rezistans teli yerle\u015ftirilerek \u00fcretilen boru ek par\u00e7alar\u0131d\u0131r. Ayn\u0131 \u00e7aptaki iki PE100 boruyu 90\u00ba, 60\u00ba, 45\u00ba, 30\u00ba, 22,5\u00ba veya 11,25\u00ba\u00a0\u00a0a\u00e7\u0131 ile istenilen y\u00f6nde d\u00f6nd\u00fcrmek i\u00e7in kullan\u0131l\u0131r.<\/p>\n<\/div>\n<\/div>\n","protected":false},"featured_media":702,"comment_status":"open","ping_status":"closed","template":"","meta":[],"product_cat":[23],"product_tag":[],"class_list":{"0":"post-701","1":"product","2":"type-product","3":"status-publish","4":"has-post-thumbnail","6":"product_cat-elektrofuzyon","8":"first","9":"instock","10":"shipping-taxable","11":"product-type-external"},"_links":{"self":[{"href":"https:\/\/www.zirve-yapi.com.tr\/zirve\/wp-json\/wp\/v2\/product\/701"}],"collection":[{"href":"https:\/\/www.zirve-yapi.com.tr\/zirve\/wp-json\/wp\/v2\/product"}],"about":[{"href":"https:\/\/www.zirve-yapi.com.tr\/zirve\/wp-json\/wp\/v2\/types\/product"}],"replies":[{"embeddable":true,"href":"https:\/\/www.zirve-yapi.com.tr\/zirve\/wp-json\/wp\/v2\/comments?post=701"}],"wp:featuredmedia":[{"embeddable":true,"href":"https:\/\/www.zirve-yapi.com.tr\/zirve\/wp-json\/wp\/v2\/media\/702"}],"wp:attachment":[{"href":"https:\/\/www.zirve-yapi.com.tr\/zirve\/wp-json\/wp\/v2\/media?parent=701"}],"wp:term":[{"taxonomy":"product_cat","embeddable":true,"href":"https:\/\/www.zirve-yapi.com.tr\/zirve\/wp-json\/wp\/v2\/product_cat?post=701"},{"taxonomy":"product_tag","embeddable":true,"href":"https:\/\/www.zirve-yapi.com.tr\/zirve\/wp-json\/wp\/v2\/product_tag?post=701"}],"curies":[{"name":"wp","href":"https:\/\/api.w.org\/{rel}","templated":true}]}}