{"id":747,"date":"2024-11-11T15:24:02","date_gmt":"2024-11-11T12:24:02","guid":{"rendered":"https:\/\/www.zirve-yapi.com.tr\/zirve\/?post_type=product&#038;p=747"},"modified":"2024-11-11T15:24:02","modified_gmt":"2024-11-11T12:24:02","slug":"pe100-ef-kep","status":"publish","type":"product","link":"https:\/\/www.zirve-yapi.com.tr\/zirve\/urun\/pe100-ef-kep\/","title":{"rendered":"PE100-EF KEP"},"content":{"rendered":"<table class=\"table table-striped\" border=\"0\" width=\"256\" cellspacing=\"0\" cellpadding=\"0\">\n<tbody>\n<tr>\n<td class=\"xl67\" width=\"64\" height=\"77\"><strong>d<\/strong><\/td>\n<td class=\"xl65\" width=\"64\"><strong>bas\u0131n\u00e7 (bar) bas\u0131n\u00e7 (bar)<\/strong><\/td>\n<td class=\"xl66\" width=\"64\"><strong>kg<\/strong><\/td>\n<td class=\"xl68\" width=\"64\"><strong>L (mm)<\/strong><\/td>\n<\/tr>\n<tr>\n<td class=\"xl69\" height=\"19\"><strong>20<\/strong><\/td>\n<td class=\"xl63\"><strong>pn16<\/strong><\/td>\n<td class=\"xl64\">0,044<\/td>\n<td class=\"xl70\">75<\/td>\n<\/tr>\n<tr>\n<td class=\"xl69\" height=\"19\"><strong>25<\/strong><\/td>\n<td class=\"xl63\"><strong>pn16<\/strong><\/td>\n<td class=\"xl64\">0,075<\/td>\n<td class=\"xl70\">86<\/td>\n<\/tr>\n<tr>\n<td class=\"xl71\" height=\"19\"><strong>32<\/strong><\/td>\n<td class=\"xl63\"><strong>pn16<\/strong><\/td>\n<td class=\"xl64\">0,082<\/td>\n<td class=\"xl70\">98<\/td>\n<\/tr>\n<tr>\n<td class=\"xl71\" height=\"19\"><strong>40<\/strong><\/td>\n<td class=\"xl63\"><strong>pn16<\/strong><\/td>\n<td class=\"xl64\">0,0131<\/td>\n<td class=\"xl70\">105<\/td>\n<\/tr>\n<tr>\n<td class=\"xl71\" height=\"19\"><strong>50<\/strong><\/td>\n<td class=\"xl63\"><strong>pn16<\/strong><\/td>\n<td class=\"xl64\">0,204<\/td>\n<td class=\"xl70\">115<\/td>\n<\/tr>\n<tr>\n<td class=\"xl71\" height=\"19\"><strong>63<\/strong><\/td>\n<td class=\"xl63\"><strong>pn16<\/strong><\/td>\n<td class=\"xl64\">0,278<\/td>\n<td class=\"xl70\">120<\/td>\n<\/tr>\n<tr>\n<td class=\"xl71\" height=\"19\"><strong>75<\/strong><\/td>\n<td class=\"xl63\"><strong>pn16<\/strong><\/td>\n<td class=\"xl64\">0,443<\/td>\n<td class=\"xl70\">132<\/td>\n<\/tr>\n<tr>\n<td class=\"xl71\" height=\"19\"><strong>90<\/strong><\/td>\n<td class=\"xl63\"><strong>pn16<\/strong><\/td>\n<td class=\"xl64\">0,602<\/td>\n<td class=\"xl70\">140<\/td>\n<\/tr>\n<tr>\n<td class=\"xl71\" height=\"19\"><strong>110<\/strong><\/td>\n<td class=\"xl63\"><strong>pn16<\/strong><\/td>\n<td class=\"xl64\">1,096<\/td>\n<td class=\"xl70\">157<\/td>\n<\/tr>\n<tr>\n<td class=\"xl71\" height=\"19\"><strong>125<\/strong><\/td>\n<td class=\"xl63\"><strong>pn16<\/strong><\/td>\n<td class=\"xl64\">1,395<\/td>\n<td class=\"xl70\">180<\/td>\n<\/tr>\n<tr>\n<td class=\"xl71\" height=\"19\"><strong>140<\/strong><\/td>\n<td class=\"xl63\"><strong>pn16<\/strong><\/td>\n<td class=\"xl64\">1,99<\/td>\n<td class=\"xl70\">184<\/td>\n<\/tr>\n<tr>\n<td class=\"xl71\" height=\"19\"><strong>160<\/strong><\/td>\n<td class=\"xl63\"><strong>pn16<\/strong><\/td>\n<td class=\"xl64\">2,631<\/td>\n<td class=\"xl70\">202<\/td>\n<\/tr>\n<tr>\n<td class=\"xl71\" height=\"19\"><strong>180<\/strong><\/td>\n<td class=\"xl63\"><strong>pn16<\/strong><\/td>\n<td class=\"xl64\">3,344<\/td>\n<td class=\"xl70\">220<\/td>\n<\/tr>\n<tr>\n<td class=\"xl72\" height=\"20\"><strong>200<\/strong><\/td>\n<td class=\"xl73\"><strong>pn16<\/strong><\/td>\n<td class=\"xl74\">4,261<\/td>\n<td class=\"xl75\">220<\/td>\n<\/tr>\n<\/tbody>\n<\/table>\n","protected":false},"excerpt":{"rendered":"<p>HDPE elektrof\u00fczyon k\u00f6rtapa, PE100 hammaddesi ile \u00fcretilir ve g\u00fcvenli tesisat\u0131n temel ba\u011flant\u0131 par\u00e7alar\u0131ndan biridir. Elektrof\u00fczyon y\u00f6ntemi ile hatt\u0131n sonunu kapatmak i\u00e7in kullan\u0131l\u0131r.<\/p>\n","protected":false},"featured_media":748,"comment_status":"open","ping_status":"closed","template":"","meta":[],"product_cat":[23],"product_tag":[],"class_list":{"0":"post-747","1":"product","2":"type-product","3":"status-publish","4":"has-post-thumbnail","6":"product_cat-elektrofuzyon","8":"first","9":"instock","10":"shipping-taxable","11":"product-type-external"},"_links":{"self":[{"href":"https:\/\/www.zirve-yapi.com.tr\/zirve\/wp-json\/wp\/v2\/product\/747"}],"collection":[{"href":"https:\/\/www.zirve-yapi.com.tr\/zirve\/wp-json\/wp\/v2\/product"}],"about":[{"href":"https:\/\/www.zirve-yapi.com.tr\/zirve\/wp-json\/wp\/v2\/types\/product"}],"replies":[{"embeddable":true,"href":"https:\/\/www.zirve-yapi.com.tr\/zirve\/wp-json\/wp\/v2\/comments?post=747"}],"wp:featuredmedia":[{"embeddable":true,"href":"https:\/\/www.zirve-yapi.com.tr\/zirve\/wp-json\/wp\/v2\/media\/748"}],"wp:attachment":[{"href":"https:\/\/www.zirve-yapi.com.tr\/zirve\/wp-json\/wp\/v2\/media?parent=747"}],"wp:term":[{"taxonomy":"product_cat","embeddable":true,"href":"https:\/\/www.zirve-yapi.com.tr\/zirve\/wp-json\/wp\/v2\/product_cat?post=747"},{"taxonomy":"product_tag","embeddable":true,"href":"https:\/\/www.zirve-yapi.com.tr\/zirve\/wp-json\/wp\/v2\/product_tag?post=747"}],"curies":[{"name":"wp","href":"https:\/\/api.w.org\/{rel}","templated":true}]}}