{"id":807,"date":"2024-11-11T15:46:10","date_gmt":"2024-11-11T12:46:10","guid":{"rendered":"https:\/\/www.zirve-yapi.com.tr\/zirve\/?post_type=product&#038;p=807"},"modified":"2024-11-11T15:46:11","modified_gmt":"2024-11-11T12:46:11","slug":"pe100-konfeksiyon-45-dirsek","status":"publish","type":"product","link":"https:\/\/www.zirve-yapi.com.tr\/zirve\/urun\/pe100-konfeksiyon-45-dirsek\/","title":{"rendered":"PE100-Konfeksiyon 45\u00b0 Dirsek"},"content":{"rendered":"<table class=\"table table-striped\" width=\"1126\">\n<tbody>\n<tr>\n<td width=\"138\"><strong>d mm<\/strong><\/td>\n<td width=\"138\"><strong>kg (pn10)<\/strong><\/td>\n<td width=\"138\"><strong>kg (pn16)<\/strong><\/td>\n<td width=\"138\"><strong>H mm<\/strong><\/td>\n<td width=\"138\"><strong>Z mm<\/strong><\/td>\n<td width=\"138\"><strong>R mm<\/strong><\/td>\n<\/tr>\n<tr>\n<td><strong>250<\/strong><\/td>\n<td><strong>7,20<\/strong><\/td>\n<td><strong>10,60<\/strong><\/td>\n<td>200<\/td>\n<td>349<\/td>\n<td>375<\/td>\n<\/tr>\n<tr>\n<td><strong>280<\/strong><\/td>\n<td><strong>9,20<\/strong><\/td>\n<td><strong>13,60<\/strong><\/td>\n<td>200<\/td>\n<td>367<\/td>\n<td>420<\/td>\n<\/tr>\n<tr>\n<td><strong>315<\/strong><\/td>\n<td><strong>11,90<\/strong><\/td>\n<td><strong>17,40<\/strong><\/td>\n<td>300<\/td>\n<td>488<\/td>\n<td>473<\/td>\n<\/tr>\n<tr>\n<td><strong>355<\/strong><\/td>\n<td><strong>15,50<\/strong><\/td>\n<td><strong>22,80<\/strong><\/td>\n<td>300<\/td>\n<td>512<\/td>\n<td>533<\/td>\n<\/tr>\n<tr>\n<td><strong>400<\/strong><\/td>\n<td><strong>24,00<\/strong><\/td>\n<td><strong>35,60<\/strong><\/td>\n<td>300<\/td>\n<td>539<\/td>\n<td>600<\/td>\n<\/tr>\n<tr>\n<td><strong>450<\/strong><\/td>\n<td><strong>36,50<\/strong><\/td>\n<td><strong>53,90<\/strong><\/td>\n<td>300<\/td>\n<td>569<\/td>\n<td>675<\/td>\n<\/tr>\n<tr>\n<td><strong>500<\/strong><\/td>\n<td><strong>46,00<\/strong><\/td>\n<td><strong>67,80<\/strong><\/td>\n<td>300<\/td>\n<td>599<\/td>\n<td>750<\/td>\n<\/tr>\n<tr>\n<td><strong>560<\/strong><\/td>\n<td><strong>59,20<\/strong><\/td>\n<td><strong>87,50<\/strong><\/td>\n<td>350<\/td>\n<td>684<\/td>\n<td>840<\/td>\n<\/tr>\n<tr>\n<td><strong>630<\/strong><\/td>\n<td><strong>76,40<\/strong><\/td>\n<td><strong>102,00<\/strong><\/td>\n<td>350<\/td>\n<td>720<\/td>\n<td>945<\/td>\n<\/tr>\n<tr>\n<td><strong>710<\/strong><\/td>\n<td><strong>100,50<\/strong><\/td>\n<td><strong>148,00<\/strong><\/td>\n<td>350<\/td>\n<td>646<\/td>\n<td>1065<\/td>\n<\/tr>\n<tr>\n<td><strong>800<\/strong><\/td>\n<td><strong>131,00<\/strong><\/td>\n<td><\/td>\n<td>350<\/td>\n<td>683<\/td>\n<td>1200<\/td>\n<\/tr>\n<tr>\n<td><strong>900<\/strong><\/td>\n<td><strong>195,00<\/strong><\/td>\n<td><\/td>\n<td>400<\/td>\n<td>774<\/td>\n<td>1350<\/td>\n<\/tr>\n<tr>\n<td><strong>1000<\/strong><\/td>\n<td><strong>335,00<\/strong><\/td>\n<td><\/td>\n<td>400<\/td>\n<td>816<\/td>\n<td>1500<\/td>\n<\/tr>\n<tr>\n<td><strong>1200<\/strong><\/td>\n<td><\/td>\n<td><\/td>\n<td>400<\/td>\n<td>899<\/td>\n<td>1800<\/td>\n<\/tr>\n<\/tbody>\n<\/table>\n","protected":false},"excerpt":{"rendered":"<p>PE100- konfeksiyon dirsekler, boru par\u00e7alar\u0131n\u0131n belirli a\u00e7\u0131lar ile kesilip al\u0131n kayna\u011f\u0131 y\u00f6ntemi kullan\u0131larak birbirine kaynat\u0131lmas\u0131yla imal edilir. PE100 boruyu istenilen y\u00f6ne \u00e7evirmek i\u00e7in kullan\u0131l\u0131r.<\/p>\n","protected":false},"featured_media":808,"comment_status":"open","ping_status":"closed","template":"","meta":[],"product_cat":[25],"product_tag":[],"class_list":{"0":"post-807","1":"product","2":"type-product","3":"status-publish","4":"has-post-thumbnail","6":"product_cat-konfeksiyon","8":"first","9":"instock","10":"shipping-taxable","11":"product-type-external"},"_links":{"self":[{"href":"https:\/\/www.zirve-yapi.com.tr\/zirve\/wp-json\/wp\/v2\/product\/807"}],"collection":[{"href":"https:\/\/www.zirve-yapi.com.tr\/zirve\/wp-json\/wp\/v2\/product"}],"about":[{"href":"https:\/\/www.zirve-yapi.com.tr\/zirve\/wp-json\/wp\/v2\/types\/product"}],"replies":[{"embeddable":true,"href":"https:\/\/www.zirve-yapi.com.tr\/zirve\/wp-json\/wp\/v2\/comments?post=807"}],"wp:featuredmedia":[{"embeddable":true,"href":"https:\/\/www.zirve-yapi.com.tr\/zirve\/wp-json\/wp\/v2\/media\/808"}],"wp:attachment":[{"href":"https:\/\/www.zirve-yapi.com.tr\/zirve\/wp-json\/wp\/v2\/media?parent=807"}],"wp:term":[{"taxonomy":"product_cat","embeddable":true,"href":"https:\/\/www.zirve-yapi.com.tr\/zirve\/wp-json\/wp\/v2\/product_cat?post=807"},{"taxonomy":"product_tag","embeddable":true,"href":"https:\/\/www.zirve-yapi.com.tr\/zirve\/wp-json\/wp\/v2\/product_tag?post=807"}],"curies":[{"name":"wp","href":"https:\/\/api.w.org\/{rel}","templated":true}]}}