{"id":815,"date":"2024-11-11T15:49:38","date_gmt":"2024-11-11T12:49:38","guid":{"rendered":"https:\/\/www.zirve-yapi.com.tr\/zirve\/?post_type=product&#038;p=815"},"modified":"2024-11-11T15:49:38","modified_gmt":"2024-11-11T12:49:38","slug":"pe100-konfeskiyon-esit-te","status":"publish","type":"product","link":"https:\/\/www.zirve-yapi.com.tr\/zirve\/urun\/pe100-konfeskiyon-esit-te\/","title":{"rendered":"PE100-KONFESK\u0130YON E\u015e\u0130T TE"},"content":{"rendered":"<table class=\"table table-striped\" width=\"1156\">\n<tbody>\n<tr>\n<td width=\"166\"><strong>d mm<\/strong><\/td>\n<td width=\"166\"><strong>kg (pn10)<\/strong><\/td>\n<td width=\"166\"><strong>kg (pn16)<\/strong><\/td>\n<td width=\"166\"><strong>Z mm<\/strong><\/td>\n<td width=\"166\"><strong>L mm<\/strong><\/td>\n<\/tr>\n<tr>\n<td><strong>250<\/strong><\/td>\n<td><strong>12,50<\/strong><\/td>\n<td><strong>18,40<\/strong><\/td>\n<td>200<\/td>\n<td>650<\/td>\n<\/tr>\n<tr>\n<td><strong>280<\/strong><\/td>\n<td><strong>16,00<\/strong><\/td>\n<td><strong>23,80<\/strong><\/td>\n<td>200<\/td>\n<td>680<\/td>\n<\/tr>\n<tr>\n<td><strong>315<\/strong><\/td>\n<td><strong>24,00<\/strong><\/td>\n<td><strong>35,50<\/strong><\/td>\n<td>300<\/td>\n<td>915<\/td>\n<\/tr>\n<tr>\n<td><strong>355<\/strong><\/td>\n<td><strong>32,00<\/strong><\/td>\n<td><strong>46,90<\/strong><\/td>\n<td>300<\/td>\n<td>955<\/td>\n<\/tr>\n<tr>\n<td><strong>400<\/strong><\/td>\n<td><strong>42,00<\/strong><\/td>\n<td><strong>62,00<\/strong><\/td>\n<td>300<\/td>\n<td>1000<\/td>\n<\/tr>\n<tr>\n<td><strong>450<\/strong><\/td>\n<td><strong>56,00<\/strong><\/td>\n<td><strong>82,70<\/strong><\/td>\n<td>300<\/td>\n<td>1050<\/td>\n<\/tr>\n<tr>\n<td><strong>500<\/strong><\/td>\n<td><strong>78,90<\/strong><\/td>\n<td><strong>116,00<\/strong><\/td>\n<td>300<\/td>\n<td>1100<\/td>\n<\/tr>\n<tr>\n<td><strong>560<\/strong><\/td>\n<td><strong>103,60<\/strong><\/td>\n<td><strong>152,80<\/strong><\/td>\n<td>350<\/td>\n<td>1260<\/td>\n<\/tr>\n<tr>\n<td><strong>630<\/strong><\/td>\n<td><strong>139,00<\/strong><\/td>\n<td><strong>204,00<\/strong><\/td>\n<td>350<\/td>\n<td>1330<\/td>\n<\/tr>\n<tr>\n<td><strong>710<\/strong><\/td>\n<td><strong>193,90<\/strong><\/td>\n<td><strong>286,00<\/strong><\/td>\n<td>400<\/td>\n<td>1510<\/td>\n<\/tr>\n<tr>\n<td><strong>800<\/strong><\/td>\n<td><strong>252,00<\/strong><\/td>\n<td><\/td>\n<td>400<\/td>\n<td>1600<\/td>\n<\/tr>\n<tr>\n<td><strong>900<\/strong><\/td>\n<td><strong>317,00<\/strong><\/td>\n<td><\/td>\n<td>400<\/td>\n<td>1700<\/td>\n<\/tr>\n<tr>\n<td><strong>1000<\/strong><\/td>\n<td><strong>429,00<\/strong><\/td>\n<td><\/td>\n<td>400<\/td>\n<td>1800<\/td>\n<\/tr>\n<tr>\n<td><strong>1200<\/strong><\/td>\n<td><\/td>\n<td><\/td>\n<td>500<\/td>\n<td>2200<\/td>\n<\/tr>\n<tr>\n<td><strong>1400<\/strong><\/td>\n<td><\/td>\n<td><\/td>\n<td>500<\/td>\n<td>2400<\/td>\n<\/tr>\n<tr>\n<td><strong>1600<\/strong><\/td>\n<td><\/td>\n<td><\/td>\n<td>500<\/td>\n<td>2600<\/td>\n<\/tr>\n<\/tbody>\n<\/table>\n","protected":false},"excerpt":{"rendered":"<p>PE100- konfeksiyon e\u015fit teler, boru par\u00e7alar\u0131n\u0131n belirli a\u00e7\u0131lar ile kesilip al\u0131n kayna\u011f\u0131 y\u00f6ntemi kullan\u0131larak birbirine kaynat\u0131lmas\u0131yla imal edilir. Ayn\u0131 \u00e7aptaki 3 adet PE100 boruyu birbirine ba\u011flamak i\u00e7in kullan\u0131l\u0131r.<\/p>\n","protected":false},"featured_media":816,"comment_status":"open","ping_status":"closed","template":"","meta":[],"product_cat":[25],"product_tag":[],"class_list":{"0":"post-815","1":"product","2":"type-product","3":"status-publish","4":"has-post-thumbnail","6":"product_cat-konfeksiyon","8":"first","9":"instock","10":"shipping-taxable","11":"product-type-external"},"_links":{"self":[{"href":"https:\/\/www.zirve-yapi.com.tr\/zirve\/wp-json\/wp\/v2\/product\/815"}],"collection":[{"href":"https:\/\/www.zirve-yapi.com.tr\/zirve\/wp-json\/wp\/v2\/product"}],"about":[{"href":"https:\/\/www.zirve-yapi.com.tr\/zirve\/wp-json\/wp\/v2\/types\/product"}],"replies":[{"embeddable":true,"href":"https:\/\/www.zirve-yapi.com.tr\/zirve\/wp-json\/wp\/v2\/comments?post=815"}],"wp:featuredmedia":[{"embeddable":true,"href":"https:\/\/www.zirve-yapi.com.tr\/zirve\/wp-json\/wp\/v2\/media\/816"}],"wp:attachment":[{"href":"https:\/\/www.zirve-yapi.com.tr\/zirve\/wp-json\/wp\/v2\/media?parent=815"}],"wp:term":[{"taxonomy":"product_cat","embeddable":true,"href":"https:\/\/www.zirve-yapi.com.tr\/zirve\/wp-json\/wp\/v2\/product_cat?post=815"},{"taxonomy":"product_tag","embeddable":true,"href":"https:\/\/www.zirve-yapi.com.tr\/zirve\/wp-json\/wp\/v2\/product_tag?post=815"}],"curies":[{"name":"wp","href":"https:\/\/api.w.org\/{rel}","templated":true}]}}