{"id":866,"date":"2024-11-11T16:42:04","date_gmt":"2024-11-11T13:42:04","guid":{"rendered":"https:\/\/www.zirve-yapi.com.tr\/zirve\/?post_type=product&#038;p=866"},"modified":"2024-11-11T16:42:24","modified_gmt":"2024-11-11T13:42:24","slug":"alin-kaynak-makinasi","status":"publish","type":"product","link":"https:\/\/www.zirve-yapi.com.tr\/zirve\/urun\/alin-kaynak-makinasi\/","title":{"rendered":"Al\u0131n Kaynak Makinas\u0131"},"content":{"rendered":"<p><a href=\"http:\/\/www.zirve-yapi.com.tr\/wp-content\/uploads\/1-Butt-Welding-Machine.jpg\"><img loading=\"lazy\" decoding=\"async\" class=\"aligncenter wp-image-97 size-full\" src=\"http:\/\/www.zirve-yapi.com.tr\/wp-content\/uploads\/1-Butt-Welding-Machine.jpg\" sizes=\"(max-width: 738px) 100vw, 738px\" srcset=\"https:\/\/www.zirve-yapi.com.tr\/zirve\/wp-content\/uploads\/1-Butt-Welding-Machine.jpg 738w, https:\/\/www.zirve-yapi.com.tr\/zirve\/wp-content\/uploads\/1-Butt-Welding-Machine-510x571.jpg 510w, https:\/\/www.zirve-yapi.com.tr\/zirve\/wp-content\/uploads\/1-Butt-Welding-Machine-268x300.jpg 268w\" alt=\"Butt Welding Machine\" width=\"738\" height=\"826\" \/><\/a><\/p>\n","protected":false},"excerpt":{"rendered":"<h3>Al\u0131n Kaynak Makinelerimizin Avantajlar\u0131<\/h3>\n<ul>\n<li><strong>Dayan\u0131kl\u0131 Ba\u011flant\u0131lar<\/strong>: Y\u00fcksek s\u0131cakl\u0131k ve bas\u0131n\u00e7 alt\u0131nda yap\u0131lan al\u0131n kaynak i\u015flemi, s\u0131zd\u0131rmaz ve dayan\u0131kl\u0131 birle\u015ftirmeler sa\u011flar.<\/li>\n<li><strong>\u00c7e\u015fitli \u00c7ap Se\u00e7enekleri<\/strong>: Farkl\u0131 boru \u00e7aplar\u0131 ve malzeme t\u00fcrlerine uygun makinelerle geni\u015f bir uygulama alan\u0131 sunar.<\/li>\n<li><strong>Kolay Kullan\u0131m<\/strong>: Ergonomik ve kullan\u0131c\u0131 dostu tasar\u0131m, operasyonlar\u0131 h\u0131zl\u0131 ve pratik hale getirir.<\/li>\n<li><strong>Enerji Verimlili\u011fi<\/strong>: D\u00fc\u015f\u00fck enerji t\u00fcketimiyle \u00e7al\u0131\u015f\u0131r, s\u00fcrd\u00fcr\u00fclebilir bir \u00e7\u00f6z\u00fcm sunar.<\/li>\n<\/ul>\n<p>Zirve Technical olarak al\u0131n kaynak makinelerimizle end\u00fcstriyel s\u00fcre\u00e7lerinizi desteklemeye haz\u0131r\u0131z.<\/p>\n","protected":false},"featured_media":694,"comment_status":"open","ping_status":"closed","template":"","meta":[],"product_cat":[29],"product_tag":[],"class_list":{"0":"post-866","1":"product","2":"type-product","3":"status-publish","4":"has-post-thumbnail","6":"product_cat-alin-kaynak-makinasi","8":"first","9":"instock","10":"shipping-taxable","11":"product-type-external"},"_links":{"self":[{"href":"https:\/\/www.zirve-yapi.com.tr\/zirve\/wp-json\/wp\/v2\/product\/866"}],"collection":[{"href":"https:\/\/www.zirve-yapi.com.tr\/zirve\/wp-json\/wp\/v2\/product"}],"about":[{"href":"https:\/\/www.zirve-yapi.com.tr\/zirve\/wp-json\/wp\/v2\/types\/product"}],"replies":[{"embeddable":true,"href":"https:\/\/www.zirve-yapi.com.tr\/zirve\/wp-json\/wp\/v2\/comments?post=866"}],"wp:featuredmedia":[{"embeddable":true,"href":"https:\/\/www.zirve-yapi.com.tr\/zirve\/wp-json\/wp\/v2\/media\/694"}],"wp:attachment":[{"href":"https:\/\/www.zirve-yapi.com.tr\/zirve\/wp-json\/wp\/v2\/media?parent=866"}],"wp:term":[{"taxonomy":"product_cat","embeddable":true,"href":"https:\/\/www.zirve-yapi.com.tr\/zirve\/wp-json\/wp\/v2\/product_cat?post=866"},{"taxonomy":"product_tag","embeddable":true,"href":"https:\/\/www.zirve-yapi.com.tr\/zirve\/wp-json\/wp\/v2\/product_tag?post=866"}],"curies":[{"name":"wp","href":"https:\/\/api.w.org\/{rel}","templated":true}]}}